{"id":2376,"date":"2023-01-25T01:05:40","date_gmt":"2023-01-25T00:05:40","guid":{"rendered":"http:\/\/www.simonesimon.com\/portfolio\/?page_id=2376"},"modified":"2025-06-30T20:17:03","modified_gmt":"2025-06-30T18:17:03","slug":"exhibitions","status":"publish","type":"page","link":"https:\/\/www.simonesimon.com\/portfolio\/en\/exhibitions\/","title":{"rendered":"Exhibitions"},"content":{"rendered":"\n<h2 class=\"wp-block-heading\">SOLO EXHIBITIONS<\/h2>\n\n\n\n<p class=\"has-small-font-size\">2025<strong> Monographie Simone Simon<\/strong><br>Pr\u00e9sentation de la monographie parue aux \u00e9d. Arnaud Bizalion, en pr\u00e9sence de l&rsquo;artiste :<br>Au Centre de la photographie de Mougins le 26 avril 2025 \u00e0 partir de 17h<br>\u00c0 la galerie eva vautier le 16 mai 2025<br><\/p>\n\n\n\n<p class=\"has-small-font-size\">2023 <strong>Au rythme du paysage<\/strong><br> 07.10.2023 &#8211; 02.12.2023<br>With Linda Sanchez, guest artist<br>Galerie Eva Vautier, Nice<br><a href=\"https:\/\/eva-vautier.com\/portfolio-item\/simone-simon-au-rythme-du-paysage\/\" data-type=\"link\" data-id=\"https:\/\/eva-vautier.com\/portfolio-item\/simone-simon-au-rythme-du-paysage\/\">link<\/a><\/p>\n\n\n\n<p class=\"has-small-font-size\">2023 <strong>Histoire d&rsquo;eau<\/strong><br>Opening on March 16, 2023<br>Gallery of the Versailles School of Fine Arts<br>11 rue St Simon 7800 Versailles<\/p>\n\n\n\n<p class=\"has-small-font-size\">2019<strong> BODY \/ VOICE Territories of the intimate<\/strong><br>Curator Chiara Palermo<br>Opening Friday, September 27, 2019 from 18h<br>With presentation and signing of the book NU, Simone Simon, preface by David Le Breton, text by Chiara Palermo<br>Eva Vautier Gallery, Nice<br><a href=\"https:\/\/eva-vautier.com\/art\/simone-simon-corps-voix-territoires-de-lintime\/\" target=\"_blank\" rel=\"noreferrer noopener\">www.eva-vautier.com<\/a><br><a href=\"http:\/\/www.simonesimon.com\/dp_simone_simon_corpsvoix.pdf\" target=\"_blank\" rel=\"noreferrer noopener\">Press kit<\/a><\/p>\n\n\n\n<p class=\"has-small-font-size\">2017<strong> Don&rsquo;t watch the fox go by<\/strong><br>Sound installation<br>With Gilles Miquelis, Living to death<br>Eva Vautier Gallery, Nice As part of the exhibition, Remembrance, reality or fiction? debate led by Chiara Palermo (curator, doctor of philosophy) and Jean-Pierre Joly (psychiatrist, psychoanalyst)<br><a href=\"https:\/\/eva-vautier.com\/art\/vivre-a-en-crever\/\" target=\"_blank\" rel=\"noreferrer noopener\">www.eva-vautier.com<\/a><\/p>\n\n\n\n<p class=\"has-small-font-size\">2015 <strong>Words<\/strong><br>Slideshow of 7 minutes<br>In collaboration with the women and children residents of the CHRS, Les Yuccas<br><a href=\"mailto:yuccas.chrs@association-alc.org\" target=\"_blank\" rel=\"noreferrer noopener\">yuccas.chrs@association-alc.org<\/a><\/p>\n\n\n\n<p class=\"has-small-font-size\">2014 <strong>Ainsi va la lumi\u00e8re<\/strong><br>Guest artist : Joseph Dadoune<br><a href=\"https:\/\/eva-vautier.com\/art\/ainsi-va-la-lumiere-15022014\/\">www.eva-vautier.com<\/a><\/p>\n\n\n\n<p class=\"has-small-font-size\">2011<strong> Souriez, on se d\u00e9truit<\/strong><br>Guest artist : Nicolas Buissart<br>Abandoned house Villa Cameline<br>43 avenue Montplaisir &#8211; 06100 Nice<br><a href=\"https:\/\/www.villacameline.fr\/Events\/Details\/souriez-on-vous-dtruit\" target=\"_blank\" rel=\"noreferrer noopener\">www.villacameline.fr<\/a><\/p>\n\n\n\n<p class=\"has-small-font-size\">2009 <strong>The doors of St Pierre<\/strong><br>Contemporary art gallery Christian Depardieu.<br><a href=\"http:\/\/www.galerie-depardieu.com\/galerie\/\" target=\"_blank\" rel=\"noreferrer noopener\">www.galerie-depardieu.com<\/a><\/p>\n\n\n\n<p class=\"has-small-font-size\">2007 <strong>Boxing club<\/strong><br>Documentary film made in a suburb of Nice, directed by Simone Simon and Eric Antolinos<br>Awarded at Un festival, c&rsquo;est trop court, Nice April 2008<br>Archived at the media library of the National Museum of the History of Immigration, Paris<br><a href=\"https:\/\/www.histoire-immigration.fr\/\" target=\"_blank\" rel=\"noreferrer noopener\">www.histoire-immigration.fr<\/a><\/p>\n\n\n\n<p class=\"has-small-font-size\">2006 Nostalgia of the present<br>Exhibition of photographs from the book<br>FNAC, Monaco.<\/p>\n\n\n\n<p class=\"has-small-font-size\">2006 Nostalgia for the present<br>LA STATION Nice<br><a href=\"http:\/\/www.lastation.org\/exposition\/nostalgie-du-present\/\" target=\"_blank\" rel=\"noreferrer noopener\">www.lastation.org<\/a><\/p>\n\n\n\n<p class=\"has-small-font-size\">2002 \u00a0\u00bb On the passage of some people through\u2026 \u00ab\u00a0.&nbsp;<br>\u00ab\u00a0LE DOJO\u00a0\u00bb Nice<br>&nbsp;www.le-dojo.org<\/p>\n\n\n\n<hr class=\"wp-block-separator has-alpha-channel-opacity\"\/>\n\n\n\n<h2 class=\"wp-block-heading\">COLLECTIVE EXHIBITIONS<\/h2>\n\n\n\n<p class=\"has-small-font-size\">2025 <strong>Festival du Peu, parcours d&rsquo;art contemporain<\/strong><br>\u00ab\u00a0Ici commence la mer\u00a0\u00bb, Le Broc<br>4-27 juillet 2025<br><a href=\"https:\/\/festivaldupeu.org\/\" target=\"_blank\" rel=\"noreferrer noopener\">https:\/\/festivaldupeu.org\/<\/a><\/p>\n\n\n\n<p class=\"has-small-font-size\">2025 <strong>Arles Books Fair 2025<\/strong>, les rencontres de la photographie<br>Jeudi 10 et samedi 12 juillet 17h30-18h30<br>Coll\u00e8ge Saint-Charles<br><a href=\"https:\/\/www.rencontres-arles.com\/fr\/arles-books-fair\" target=\"_blank\" rel=\"noreferrer noopener\">https:\/\/www.rencontres-arles.com\/fr\/arles-books-fair<\/a><\/p>\n\n\n\n<p style=\"font-size:14px\">2024 <strong>Sous nos pas, les rivi\u00e8res<\/strong><br>Artistes : Beno\u00eet Barbagli, Mona Barbagli, Tom Barbagli, Ben, Marc Chevalier, Joseph Dadoune, Camille Franch-Guerra, Aim\u00e9e Fleury, Jacqueline Gainon, Charlotte Pringuey-Cessac, Caroline Rivalan, Florian Sch\u00f6nerstedt, Simone Simon, Annie Vautier et Anne-Laure Wuillai<br>In partnership with galerie Eva Vautier<br>Centre International d&rsquo;Art Contemporain &#8211; CIAC, Carros<br><a href=\"https:\/\/ciac.ville-carros.fr\" target=\"_blank\" rel=\"noreferrer noopener\">https:\/\/ciac.ville-carros.fr<\/a><\/p>\n\n\n\n<p class=\"has-small-font-size\">2022 <strong>The model friend<\/strong><br>Curator Mathieu Mercier, Mucem, Marseille<br>Mathieu Mercier proposes the glances of more than a hundred artists who have allowed themselves to be captured under the gaze of another. We can recognize Nina Childress under the features of Claude Closky, Catherine Pineau in the eye of Annette Messager, Mana Kikuta by Laurent Montaron, but also works by Fran\u00e7oise P\u00e9trovitch, Caroline Mesquita, Bruno Peinado, Simone Simon, Sammy Engramer&#8230; the generations intermingle, including, for example, the young painters Christine Safa and Madeleine Roger-Lacan, both models and portraitists; certain figures respond to each other in the exercise of cross-portraits; Florence Obrecht and Axel Pahlavi are examples.<br><a rel=\"noreferrer noopener\" href=\"https:\/\/www.mucem.org\/programme\/exposition-et-temps-forts\/lamie-modele\" target=\"_blank\">www.mucem.org<\/a><\/p>\n\n\n\n<p class=\"has-small-font-size\">2021 <strong>Nomadic Project<\/strong><br>On a project by Charlotte Pringuey-Cessac<br>Group exhibition, participating artists Simone Simon, Catherine Burki, Caroline Bouissou, Laura Giordanengo, Nicolas Daubanes, Florian de la Salle, Manon Rolland, Daniel Nadaud, Ma\u00eblle Labussi\u00e8re, Albane Hupin, Vincent Chenut, Alban Mori, Gabrielle Conilh de Beyssac and Jules Guissart, Marco Godinho, Massimiliano Baldassarri, Anne-Laure Wuillai, Olivia Barisano and Charlotte Pringuey-Cessac<br>Eva Vautier Gallery, Nice<br>www.eva-vautier.com<br>from May 21 to June 19 Nomadic Project at Metaxu, artist space, Toulon<br><a href=\"https:\/\/www.metaxu.fr\/\" target=\"_blank\" rel=\"noreferrer noopener\">www.metaxu.fr<\/a><\/p>\n\n\n\n<p class=\"has-small-font-size\">2020 <strong>1 meter of distance<\/strong><br>Collective exhibition with Beno\u00eet Barbagli and Aim\u00e9e Fleury, Tom Barbagli, Arnaud Biais, Evan Bourgeau, Pauline Brun, Anna Byskov, Marc Chevalier, Joseph Dadoune, Nicolas Daubanes, Kristof Everart, Anne Favret and Patrick Manez, Forstner Gregory, Camille Franch-Guerra, Jacqueline Gainon, Marie Genin, Anne G\u00e9rard, Alexandra Guillot Alice Guittard, Laurie Jacquetty, Sandra Lecoq, Gilles Miquelis, Fr\u00e9d\u00e9rique Nalbandian, G\u00e9rald Panighi, Fran\u00e7ois Paris, Charlotte Pringuey-Cessac, Caroline Rivalan, Omar Rodriguez Sanmartin, Justin Sanchez, Simone Simon, Cedric Teisseire, Florent Testa, Ben Vautier, Agn\u00e8s Vitani, Agathe Wiesner, Anne-Laure Wuillai and Junko Yamasaki.<br>Eva Vautier Gallery, Nice<br>www.eva-vautier.com<\/p>\n\n\n\n<p class=\"has-small-font-size\">2019 <strong>Cabinet picnic, women artists<\/strong><br>Video installation Voyage immobile, Curator Jean Dupuy<br>With Olga Adorno, Brigitte Cardinal, Catherine Cattaneo, Caroline Challan-Belval, Elena Ferrer, Jacqueline Gainon, Alexandra Guillot, yayoi Gunji, Yoko Gunji, Corinna Kiefer, Jeanne Le Guff, Louise Luc Kheloui, St\u00e9phanie Marin, Evelyne Noviant, Jackie Monnier Matisse, Lola Parrot, Marinella Senatore, Franka S\u00e9verin, Simone Simon, Anna Tomaszewski<br><a href=\"https:\/\/www.villacameline.fr\/Events\/Details\/cabinet-pique-nique-femmes-artistes-vernissage-29-mars-18h30\" target=\"_blank\" rel=\"noreferrer noopener\">www.villacameline.fr<\/a><\/p>\n\n\n\n<p class=\"has-small-font-size\">2016 <strong>Don&rsquo;t watch the fox go by<\/strong><br>Sound installation<br>Supervues, small area of contemporary art&nbsp;<br>35 rooms, 35 artists<br>Burrhus Hotel, Vaison-la-Romaine<br><a href=\"http:\/\/www.burrhus.com\/fr\/supervues_5.html\" target=\"_blank\" rel=\"noreferrer noopener\">www.burrhus.com<\/a><\/p>\n\n\n\n<p class=\"has-small-font-size\">2016 <strong>Tribe<\/strong><br>With Mathieu Alary, Pauline Brun, Joseph Dadoune, Sandra D. Lecoq, Kristof Everart, Gregory Forstner, Jacqueline Gainon, Anita Gauran, Alice Guittard, Philippe Jusforgues, Virginie Le Touze, Natacha Lesueur, C\u00e9cile Mainardi, Gilles Miquelis, Fr\u00e9d\u00e9rique Nalbandian, G\u00e9rald Panighi, Fran\u00e7ois Paris, Charlotte Pringuey-Cessac, Simone Simon, Ben Vautier, Agn\u00e8s Vitani<br><a href=\"https:\/\/eva-vautier.com\/art\/tribu-12122015\/\" target=\"_blank\" rel=\"noreferrer noopener\">www.eva-vautier.com<\/a><\/p>\n\n\n\n<p class=\"has-small-font-size\">2015<strong> Once upon a time\u2026<\/strong><br>Sound piece<br>An exhibition of Jean Dupuy and his friends : Catherine Cattaneo &amp; Gilbert Caty, Jean Dupuy, Philippe Boulard &amp; Jean-Baptiste Gurly, Jean-Luc Parant, Thierry Lagalla, Simone Simon\u2026 H\u00f4tel Burrhus, Vaison-la-Romaine<br><a href=\"http:\/\/www.burrhus.com\/\" target=\"_blank\" rel=\"noreferrer noopener\">www.burrhus.com<\/a><\/p>\n\n\n\n<p class=\"has-small-font-size\">2015 <strong>A year of light<\/strong><br>Group exhibition, 25 artists<br><a href=\"https:\/\/eva-vautier.com\/art\/a-une-annee-lumiere-17012015\/\" target=\"_blank\" rel=\"noreferrer noopener\">www.eva-vautier.com<\/a><\/p>\n\n\n\n<p class=\"has-small-font-size\">2014 <strong>Stages&nbsp;<\/strong><br>Still travels, Flight of birds over a manade&nbsp;<br>76 contemporary artists from around the Mediterranean<br>Grimaldi Castle-Museum, Cagnes-sur-Mer<br><a href=\"http:\/\/umamfrance.blogspot.com\/\" target=\"_blank\" rel=\"noreferrer noopener\">umamfrance.blogspot.fr<\/a><\/p>\n\n\n\n<p class=\"has-small-font-size\">2013<strong> Se d\u00e9rober\u2026<\/strong><br>Group exhibition<br>Andr\u00e9 Villers Museum of Photography &#8211; Porte Sarrazine &#8211; 06250 Mougins<br><a href=\"https:\/\/mougins.fr\/\" target=\"_blank\" rel=\"noreferrer noopener\">www.mougins.fr<\/a><\/p>\n\n\n\n<p class=\"has-small-font-size\">2012\/2013 <strong>Art at the slaughterhouse<\/strong><br>Video directed by Simone Simon and Eric Antolinos<br>Presented at La Station in 2013<br>Archived at the media library of MAMAC, Nice<\/p>\n\n\n\n<p class=\"has-small-font-size\">2011 <strong>I love women and I prove it<\/strong><br>Collective exhibition<br>Artistic curator : Ben<br><a href=\"http:\/\/www.ben-vautier.com\/\" target=\"_blank\" rel=\"noreferrer noopener\">www.ben-vautier.com<\/a><\/p>\n\n\n\n<p class=\"has-small-font-size\">2009<strong> The doors of St Pierre<\/strong><br>Meetings of photography, Arles<br>Hotel de Chartrouse<\/p>\n","protected":false},"excerpt":{"rendered":"<p>SOLO EXHIBITIONS 2025 Monographie Simone SimonPr\u00e9sentation de la monographie parue aux \u00e9d. Arnaud Bizalion, en pr\u00e9sence de l&rsquo;artiste :Au Centre de la photographie de Mougins le 26 avril 2025 \u00e0 partir de 17h\u00c0 la galerie eva vautier le 16 mai 2025 2023 Au rythme du paysage 07.10.2023 &#8211; 02.12.2023With Linda Sanchez, guest artistGalerie Eva Vautier, &hellip; <a href=\"https:\/\/www.simonesimon.com\/portfolio\/en\/exhibitions\/\" class=\"more-link\"><\/a><\/p>\n","protected":false},"author":1,"featured_media":0,"parent":0,"menu_order":0,"comment_status":"closed","ping_status":"closed","template":"","meta":{"iawp_total_views":12},"_links":{"self":[{"href":"https:\/\/www.simonesimon.com\/portfolio\/wp-json\/wp\/v2\/pages\/2376"}],"collection":[{"href":"https:\/\/www.simonesimon.com\/portfolio\/wp-json\/wp\/v2\/pages"}],"about":[{"href":"https:\/\/www.simonesimon.com\/portfolio\/wp-json\/wp\/v2\/types\/page"}],"author":[{"embeddable":true,"href":"https:\/\/www.simonesimon.com\/portfolio\/wp-json\/wp\/v2\/users\/1"}],"replies":[{"embeddable":true,"href":"https:\/\/www.simonesimon.com\/portfolio\/wp-json\/wp\/v2\/comments?post=2376"}],"version-history":[{"count":8,"href":"https:\/\/www.simonesimon.com\/portfolio\/wp-json\/wp\/v2\/pages\/2376\/revisions"}],"predecessor-version":[{"id":2640,"href":"https:\/\/www.simonesimon.com\/portfolio\/wp-json\/wp\/v2\/pages\/2376\/revisions\/2640"}],"wp:attachment":[{"href":"https:\/\/www.simonesimon.com\/portfolio\/wp-json\/wp\/v2\/media?parent=2376"}],"curies":[{"name":"wp","href":"https:\/\/api.w.org\/{rel}","templated":true}]}}