{"id":126,"date":"2022-11-27T23:17:00","date_gmt":"2022-11-27T22:17:00","guid":{"rendered":"http:\/\/www.simonesimon.com\/portfolio\/?page_id=126"},"modified":"2025-01-08T15:06:30","modified_gmt":"2025-01-08T14:06:30","slug":"ne-regardez-pas-le-renard-passer","status":"publish","type":"page","link":"https:\/\/www.simonesimon.com\/portfolio\/ne-regardez-pas-le-renard-passer\/","title":{"rendered":"Ne regardez pas le renard passer"},"content":{"rendered":"<p><\/p>\n\n\n<\/p>\n<hr \/>\n<p>\n\n\n\n<\/p>\n<hr \/>\n<p>\n\n\n<p><\/p>\n<p>Le premier souvenir et l\u2019archive de ce qui aurait pu se passer Au sortir de l\u2019exposition de Simone Simon, quelques voix r\u00e9sonnent et convoquent notre attention. Les mots entendus au sein de l\u2019installation sonore nous accompagnent, tels des guides. Il y a des souvenirs vers lesquels on est oblig\u00e9 de se tourner, dans un mouvement irr\u00e9sistible, afin de poursuivre justement une conversation amorc\u00e9e. Ces enregistrements sonores racontent \u201cLa premi\u00e8re douleur sur le thorax et le bonheur du talc\u201d, \u201cLe bonheur de sauter dans la maison\u201d, \u201cLa p\u00e2te \u00e0 tarte\u201d, \u201dUne comptine\u201c, \u201cL\u2019acte de coudre sans succ\u00e8s\u201d, \u201cLa musique de Chopin\u201d, \u201cLa peur\u201d, \u201cLa folie\u201d, \u201cLe coup de foudre\u201d, \u201cL\u2019\u00e9corce d\u2019un arbre\u201d, \u201cLa bille aval\u00e9e\u201d, \u201cLe pull mauve\u201d, \u201cLe premier d\u00e9sespoir\u201d, et encore la joie, et encore la douleur, \u201dUne douleur indicible\u201d\u2026 et encore l\u2019\u00e9motion. Voil\u00e0 qu\u2019une archive anonyme nous \u00e9meut et nous appelle \u00e0 un exercice bien particulier : la mise en mouvement de nos propres souvenirs \u00e0 l\u2019\u00e9tat naissant. Et soudain survient le questionnement sur la nature de nos souvenirs, sur leur apparition et leur disparition. Comment se construisent nos archives ? \u00abPour garder, justement, on d\u00e9truit, on laisse se d\u00e9truire beaucoup de choses, c\u2019est la condition d\u2019une psych\u00e9 finie, qui marche \u00e0 la vie, \u00e0 la mort, qui marche en tuant autant qu\u2019en assurant la survie. Pour assurer la survie, il faut tuer. C\u2019est \u00e7a l\u2019archive, le mal d\u2019archive\u00bb, nous dit Jacques Derrida.<br>Extrait du texte de Chiara Palermo Docteur en philosophie \u2014 Universit\u00e9 de Strasbourg Tout droit d\u2019auteur r\u00e9serv\u00e9<\/p>\n<style>\/*! elementor - v3.8.1 - 13-11-2022 *\/<br \/>\n.elementor-widget-image{text-align:center}.elementor-widget-image a{display:inline-block}.elementor-widget-image a img[src$=\".svg\"]{width:48px}.elementor-widget-image img{vertical-align:middle;display:inline-block}<\/style>\n<figure>\n\t\t\t\t\t\t\t\t\t\t<img decoding=\"async\" src=\"http:\/\/www.simonesimon.com\/portfolio\/wp-content\/uploads\/2022\/11\/coussin.jpg\" alt=\"\" loading=\"lazy\" srcset=\"http:\/\/www.simonesimon.com\/portfolio\/wp-content\/uploads\/2022\/11\/coussin.jpg 900w, http:\/\/www.simonesimon.com\/portfolio\/wp-content\/uploads\/2022\/11\/coussin-300x200.jpg 300w, http:\/\/www.simonesimon.com\/portfolio\/wp-content\/uploads\/2022\/11\/coussin-768x512.jpg 768w\" sizes=\"(max-width: 900px) 100vw, 900px\" width=\"900\" height=\"600\"><figcaption>St\u00e9phanie Marin, designer a con\u00e7u un prototype de confort dans lequel une dizaine de personnes peuvent prendre place, ainsi qu\u2019un \u00e9clairage diffus qu&rsquo;elle a cr\u00e9\u00e9 pour r\u00e9pondre \u00e0 l&rsquo;invitation de Simone Simon.<\/figcaption><\/figure>\n<p><strong>L\u2019installation sonore<\/strong><\/p>\n<p><!-- \/wp:paragraph --><!-- wp:html --><\/p>\n<p><iframe loading=\"lazy\" src=\"https:\/\/w.soundcloud.com\/player\/?url=https%3A\/\/api.soundcloud.com\/tracks\/314307120&amp;color=%23ff5500&amp;auto_play=false&amp;hide_related=false&amp;show_comments=true&amp;show_user=true&amp;show_reposts=false&amp;show_teaser=true\" scrolling=\"no\" data-mce-fragment=\"1\" width=\"100%\" height=\"166\" frameborder=\"no\"><\/iframe><\/p>\n<p><a title=\"SimoneSimon\" href=\"https:\/\/soundcloud.com\/user-724313190\" target=\"_blank\" rel=\"noopener\">SimoneSimon<\/a> \u00b7 <a title=\"Extrait de l'installation sonore Ne regardez pas le renard passer de Simone Simon\" href=\"https:\/\/soundcloud.com\/user-724313190\/extrait-de-linstallation-sonore-ne-regardez-pas-le-renard-passer-de-simone-simon\" target=\"_blank\" rel=\"noopener\">Extrait de l&rsquo;installation sonor<\/a>e Ne regardez pas le renard passer<\/p>","protected":false},"excerpt":{"rendered":"<p>Le premier souvenir et l\u2019archive de ce qui aurait pu se passer Au sortir de l\u2019exposition de Simone Simon, quelques voix r\u00e9sonnent et convoquent notre attention. Les mots entendus au sein de l\u2019installation sonore nous accompagnent, tels des guides. Il y a des souvenirs vers lesquels on est oblig\u00e9 de se tourner, dans un mouvement &hellip; <a href=\"https:\/\/www.simonesimon.com\/portfolio\/ne-regardez-pas-le-renard-passer\/\" class=\"more-link\"><\/a><\/p>\n","protected":false},"author":1,"featured_media":0,"parent":0,"menu_order":0,"comment_status":"closed","ping_status":"closed","template":"page-shortcode.php","meta":{"iawp_total_views":121},"_links":{"self":[{"href":"https:\/\/www.simonesimon.com\/portfolio\/wp-json\/wp\/v2\/pages\/126"}],"collection":[{"href":"https:\/\/www.simonesimon.com\/portfolio\/wp-json\/wp\/v2\/pages"}],"about":[{"href":"https:\/\/www.simonesimon.com\/portfolio\/wp-json\/wp\/v2\/types\/page"}],"author":[{"embeddable":true,"href":"https:\/\/www.simonesimon.com\/portfolio\/wp-json\/wp\/v2\/users\/1"}],"replies":[{"embeddable":true,"href":"https:\/\/www.simonesimon.com\/portfolio\/wp-json\/wp\/v2\/comments?post=126"}],"version-history":[{"count":27,"href":"https:\/\/www.simonesimon.com\/portfolio\/wp-json\/wp\/v2\/pages\/126\/revisions"}],"predecessor-version":[{"id":2274,"href":"https:\/\/www.simonesimon.com\/portfolio\/wp-json\/wp\/v2\/pages\/126\/revisions\/2274"}],"wp:attachment":[{"href":"https:\/\/www.simonesimon.com\/portfolio\/wp-json\/wp\/v2\/media?parent=126"}],"curies":[{"name":"wp","href":"https:\/\/api.w.org\/{rel}","templated":true}]}}